2. What is the units digit of (-6 - j)/(-6)*10?
5
Let g(n) = 10*n - 1. Let o be g(4). Suppose y - 4*y = -o. What is the tens digit of y?
1
What is the hundreds digit of (7 + -9)/(-2 - 1176/(-591))?
1
Suppose 0 = -8*u + 852 - 164. What is the tens digit of u?
8
Let h(v) = 2*v**2 - 10*v + 10*v + 7*v**3. Let l be h(2). Suppose -1 - l = -5*z + 5*x, 20 = 4*x. What is the tens digit of z?
1
Suppose -5*a + 2*h + 233 = -217, 5*a = 3*h + 445. What is the units digit of a?
2
What is the tens digit of (-2)/(4/(-230)) + (-1 - -1)?
1
Suppose 0*z = -4*z + 12. Suppose 5*s = -v - 2*v + 51, 2*s - z*v = 33. What is the units digit of s?
2
Let h be ((-1)/2 - 1)*-2. Suppose h = 2*n - 17. What is the tens digit of n?
1
What is the tens digit of -4 - 5*-9 - 4?
3
Let l(s) = s + 1. Let a(f) = -5*f - 5. Let o(j) = -a(j) - 6*l(j). Let n be 14/(-4) + (-1)/2. What is the units digit of o(n)?
3
Let f(n) = 5*n**2 + 2*n - 8. What is the hundreds digit of f(-6)?
1
Let o = -8 - -5. Suppose 10*f + 24 = 4*f. Let m = o - f. What is the units digit of m?
1
Suppose -z = 2*z. Suppose z*r - 28 = -r. Let d = r - 19. What is the units digit of d?
9
Let r = -16 + 4. Let g = 4 - r. What is the tens digit of g?
1
Suppose 3*q - q = 0. Suppose -3*x - 6 = -q*x. Let f = 7 + x. What is the units digit of f?
5
Let u be -39 - (2 - (-2 - -4)). Let l = -15 - u. Let z = l + -13. What is the tens digit of z?
1
Suppose -2*v - 80 = 56. What is the units digit of (-4)/(-18) - v/18?
4
Suppose -59 = -6*d + 451. What is the units digit of d?
5
Let n(a) = -a**2 - 2*a + 12. What is the units digit of n(0)?
2
Let g = 45 + -34. What is the units digit of g?
1
Let a = 15 + -12. What is the tens digit of ((-9)/12)/(a/(-108))?
2
What is the units digit of -3 + 1 - (4 - 22)?
6
Let w be (75/(-20))/((-6)/112). Suppose 8*q - 3*q = w. What is the units digit of q?
4
Let b(k) = -3*k - 1. Let g(t) = t**2 + 6*t. Let n be g(-5). Let v(w) = 2*w + 7. Let i be v(n). What is the units digit of b(i)?
8
Let p be (0 - 0)*(-1)/(-1). Suppose p = 3*g + 3*h - 51, 22 = 4*g + h - 61. What is the tens digit of g?
2
Let s = 52 - -5. Let t = -27 + s. What is the units digit of t?
0
Let z = 8 + -6. Suppose 3*l - 25 = -z*l. Suppose 2*u - 4*f + 1 = 5*u, l*u = f + 40. What is the units digit of u?
7
Suppose -6*m + 3*m - 2*s + 20 = 0, 4*m = 3*s + 55. Let a = 21 - m. What is the tens digit of a?
1
Let u be (12/10)/(2/5). Let t be 318/4 + u/6. What is the units digit of 12/18 + t/6?
4
Let o(u) = 2*u**2 - 4*u**2 - 7*u + u**2 + 2*u**2 + 2. What is the units digit of o(7)?
2
Let x = -46 - -81. Suppose c - x = -14. What is the units digit of c?
1
Let s be (-1)/(-4)*-22*2. What is the tens digit of 3*s/(-6)*2?
1
Let b be 2 + (-4)/(-2) + -2. Suppose 3*l + 4 = -4*a + 195, 142 = 3*a + b*l. What is the tens digit of a?
4
Suppose 0 = -3*c + 2 + 4. Let d(y) = 23 - 11 + y - c*y. What is the units digit of d(6)?
6
Let p(f) = -29*f + 3. What is the units digit of p(-2)?
1
Let g(r) = r - 4. Let y be (-18)/(-8)*(-32)/(-12). What is the units digit of g(y)?
2
Let z be 3*(-10)/(-6) - 2. Suppose 2*g - 36 = -4*x, 5*x - 4*x + z = g. What is the units digit of g?
8
Let j be -153*((-4)/(-6) - 1). Let x = 99 - j. What is the units digit of x?
8
Let s(l) be the first derivative of -2 - 1/2*l**2 + 16*l. What is the units digit of s(11)?
5
Let d(l) = l**3 + 6*l**2 + 3*l + 4. Let s be d(-4). What is the units digit of 4/(s/(-15))*-2?
5
Let h be (-15)/(-10)*44/6. Let q = h - -8. What is the units digit of q?
9
Suppose 3*o - 79 = -2*b, -6*b + 104 = 4*o - 3*b. What is the tens digit of o?
2
Suppose 0 = 3*g - 429 - 201. What is the tens digit of g?
1
Suppose -4*h + 4*j - 28 = 0, 4*j + 5 = -4*h - 15. What is the units digit of (1 - h)/(-2 + 3)?
7
Let l be 10/(-6) + 1/(-3). What is the units digit of l + (-3 + -54)/(-3)?
7
Let o(b) = -b**3 + 10*b**2 + 3*b. Let i(d) = -4*d**3 + 40*d**2 + 13*d + 1. Let q(s) = -2*i(s) + 9*o(s). Let x = -26 - -36. What is the units digit of q(x)?
8
Let p(u) = u**3 + 12*u**2 + 10*u - 11. Let q be p(-11). Suppose q = -4*d - d + 45. What is the units digit of d?
9
Suppose -2*i - 68 = -4*i. What is the units digit of i?
4
Suppose -5*y - 1 + 16 = 0. Suppose -l + 2 = z + 3*z, y*l + 2*z = 46. What is the units digit of l?
8
Let y = 20 - -42. What is the units digit of y?
2
Let w(v) = 62*v**2 - v - 1. What is the tens digit of w(1)?
6
Suppose -3*w - 4*w + 175 = 0. What is the tens digit of w?
2
Suppose 2*k - 16 = 38. What is the tens digit of k?
2
Suppose -5*s + 75 = -q - 2*q, 2*q - 10 = 0. What is the tens digit of s?
1
Let w(m) = 10*m + 1. Let k(o) = o + 5. Let r be k(-4). What is the units digit of w(r)?
1
Suppose t + 8 = 3*t. Let k(a) = a**2 - 6*a + 8 + 3*a - 2. What is the units digit of k(t)?
0
Suppose -3*n - 2*s = -134, 3*s = s + 8. What is the tens digit of n?
4
What is the units digit of 4/(-18) + (-249)/(-27)?
9
Suppose m + 4 - 6 = 0. Suppose -m*x + 3 = -5. What is the units digit of x?
4
Suppose -5*u = -u - 24. What is the units digit of u?
6
Let q(t) = -t**3 - 2*t**2 - t - 1. Let m be q(-2). Let v be 6*m/2 + -3. Suppose v = -5*o + 13 + 37. What is the units digit of o?
0
Let j = 28 + -14. What is the units digit of (-5 - -7)/(2/j)?
4
Suppose 2*u - 5*u - 3*l + 189 = 0, 327 = 5*u + l. What is the units digit of u?
6
Let m = 8 + -30. Let b = m + 36. What is the units digit of b?
4
Let t(m) = -10*m - 7. What is the units digit of t(-7)?
3
Suppose 3*f - 20 - 16 = 0. Let i = 18 + 3. Suppose -4*o - 3 - i = -2*v, 5*o = v - f. What is the units digit of v?
2
Let p(v) = 9*v**2 - 3*v - 3. What is the tens digit of p(3)?
6
Let a = 25 + -12. Suppose 5 + 9 = -2*j. Let y = a + j. What is the units digit of y?
6
Let g(l) = l**2 + 5*l - 4. Let c be g(4). What is the units digit of (1*9)/(12/c)?
4
Let f(y) = y - 7. Let q be f(6). Let k(g) = -3*g - 2. What is the units digit of k(q)?
1
Let d(c) = -c + 11. Suppose -4*k - 3*a + 47 = 0, -a + 2 - 1 = 0. Let n be d(k). Suppose 3*m - 57 + 12 = n. What is the tens digit of m?
1
Let k(i) = i**3 + 9*i**2 - 10*i + 6. What is the units digit of k(-10)?
6
Let y(h) = -h**2 - 14*h - 8. What is the tens digit of y(-9)?
3
Suppose 5*i - 10 + 0 = 0. Suppose 0 - 6 = -i*z. What is the units digit of z?
3
Let r(p) = p**2 - 4*p + 3. Let s be r(6). Suppose -4*i - y - s = 0, i - 5*i - 3*y = 21. What is the units digit of (12 - 4)*i/(-2)?
2
Suppose 3 = -4*s + 35. Suppose 3*i + 40 = s*i. What is the units digit of i?
8
Let q be (-8 + 5)/((-3)/2). Let j(p) = 2*p**3 + 3*p**2 - 3*p. What is the units digit of j(q)?
2
Let o(p) = -p**3 + p**2 - p - 3. Let h be o(0). What is the units digit of 45/3 + h + 2?
4
Let l = 21 + -7. Suppose -4*p - 5*g + 28 = -p, l = -p + 3*g. What is the units digit of p/((-1)/(5*-1))?
5
Suppose 3*n - 12 = -0*n. Suppose -t + 19 = n. What is the units digit of t?
5
Suppose -4*q + q = b - 56, -2*q + 36 = 2*b. What is the units digit of q?
9
Let w = 578 - 298. What is the hundreds digit of w?
2
Let v(q) = q. Let w be v(3). What is the tens digit of 1/w + 38/3?
1
Let v(r) be the second derivative of -r**3/2 + r. What is the units digit of v(-3)?
9
Suppose 2*v + 322 = 9*v. What is the tens digit of v?
4
Let z = 2 + -6. Let s = -4 - z. Suppose -5*k + 10 = -b, 5*k + s*b = 2*b + 5. What is the units digit of k?
3
Let k = -2 - -6. Suppose -4*r + 8 = -2*o, 4*o = 2*r + r + k. What is the units digit of (2/r)/((-1)/(-2))?
1
Let o(q) be the second derivative of q**5/20 + 2*q**4/3 + 7*q**3/6 + 5*q**2 + 2*q. Let d = -5 - 2. What is the units digit of o(d)?
0
Let t(a) = 2*a**2 + a - 4. Let g(z) = z**3 - 5*z**2 + 2*z + 5. Let m be g(4). What is the units digit of t(m)?
1
What is the units digit of (-24)/30 + (-642)/(-15)?
2
Let r = 9 - 4. Suppose 0 + 5 = r*k. What is the units digit of 0 - (3 - k) - -10?
8
Suppose -8*u = -4*u + 72. What is the units digit of (3/(-2))/(9/u)?
3
Let m = 6 + 3. Let a(h) = 4*h + 1. What is the tens digit of a(m)?
3
Suppose 6*d = -61 + 199. What is the tens digit of d?
2
Suppose 15 = -2*w + 5*w. Suppose 0 = -2*j - 3*j + w. What is the units digit of j?
1
Let z(p) be the first derivative of -7*p**4/4 - p**3 - p**2/2 - 2*p + 1. What is the units digit of z(-2)?
4
Let l be 2*(-4)/(-6)*-3. Suppose 5*v + 105 = 35. What is the units digit of l/14 - 102/v?
7
Suppose 5*a + 3 = 4*a. Let i = -2 - a. Let p(w) =